uppose 7*z = -m*z + 329. What is the remainder when z is divided by 11?
3
Calculate the remainder when ((-906)/(-22) - 4) + 12/(-66) is divided by 5 + 16 - (-3)/(-2 + 3).
13
Suppose o + o - 4 = 0, 4*y = -5*o + 1110. What is the remainder when y is divided by 268?
7
Suppose -2*d - b - 321 = -6*d, 0 = 5*d - 2*b - 402. Calculate the remainder when 162 is divided by d/12*3*6/8.
12
Let v = 52 + -52. Suppose -6*t + v = -96. Let f(q) = -q**3 + 17*q**2 - 16*q + 24. What is the remainder when 47 is divided by f(t)?
23
Let z = -392 + 581. Let f = z - 129. Calculate the remainder when 358 is divided by f.
58
Let p = -5 - -11. Suppose -4*x - 5*y = -223, 9*x - 5*x - 2*y - 174 = 0. Calculate the remainder when x is divided by 8/(-12) + 112/p.
11
Let k(g) = 4*g**3 + g**2 + g + 3. Suppose -v - 1 = 0, d + 2*v = -8*v + 9*v + 24. Calculate the remainder when k(3) is divided by d.
23
Let i = 2752 + -2527. Calculate the remainder when 902 is divided by i.
2
Let r(p) = 2*p + 1. Let x(l) = -l**3 + 10*l**2 - 85*l + 313. Calculate the remainder when r(12) is divided by x(5).
12
Let n = 55 - 204. Let f = n - -180. What is the remainder when f is divided by 16?
15
Let x(n) = 12*n**3 + 9*n - 7. Let s be ((-15)/6)/((-125)/100). What is the remainder when x(s) is divided by 27?
26
Let m(j) = -16*j + 53. Let o be m(3). Suppose -o*u + 805 = -4*l, -2*l - 104 - 546 = -4*u. What is the remainder when u is divided by 21?
18
Let z(c) = 3*c**2 + 58*c - 1293. Calculate the remainder when 365 is divided by z(14).
44
Let r(l) = 265*l**2 - 18*l - 70. Calculate the remainder when r(-2) is divided by 53.
19
Let h(j) = j**2 - 76*j + 1520. Calculate the remainder when 218 is divided by h(49).
21
Let h(g) = 20*g**2 - 155*g + 644. What is the remainder when h(4) is divided by 31?
3
Suppose -5185 = -29*j + 4*j - 36*j. Calculate the remainder when 2461 is divided by j.
81
Let z = 79198 - 79124. Let j = 241 - -644. Calculate the remainder when j is divided by z.
71
Let a(p) = -2*p**2 + 29*p - 46. Let d be a(13). What is the remainder when 12/3*(d - -155) is divided by 54?
52
Let f(m) = -24*m + 146. Let l be f(5). Let i = 70 + l. Calculate the remainder when i is divided by 14.
12
Let b = -121 - -321. Calculate the remainder when b is divided by 121.
79
Let t = -5606 - -5712. Suppose -v - 7 = 4*s - 114, 0 = 4*s + 2*v - 102. Calculate the remainder when t is divided by s.
22
Suppose 7*q = 2*q + 10. Suppose l - q*l + 2 = 0. Suppose 0 = -l*n - n + 3*w + 33, -w - 3 = 0. Calculate the remainder when 38 is divided by n.
6
Suppose 2*f - d - 6595 = -2269, 0 = -5*f - 4*d + 10854. Calculate the remainder when f is divided by 14.
10
Let f(z) be the first derivative of z**4/4 - 13*z**3/3 - 7*z**2 + 27*z - 5. Calculate the remainder when (-636)/(-9)*(-1)/8*-12 is divided by f(14).
25
Let p(i) = i**3 - i**2 + i + 5. Let b = 306 + -300. Suppose 11*f = b*f + 70. What is the remainder when f is divided by p(0)?
4
Let c(f) = f**3 + 13*f**2 - f - 1. Suppose -5*j = 4*p - 4*j + 55, -5*j - 54 = 3*p. What is the remainder when 95 is divided by c(p)?
11
Let p(z) = -z**2 - 9*z - 10. Let m be p(-3). Suppose 6*c = m*c + 240. Let w = 124 + c. Calculate the remainder when 14 is divided by w.
2
Let b(p) = 29*p + 486. Calculate the remainder when 182 is divided by b(-13).
73
Let o(u) = -6*u**2 - 338*u + 242. What is the remainder when 804 is divided by o(-57)?
6
Suppose -38*m + 2941 = -16667. Calculate the remainder when m is divided by 11.
10
Suppose 29*o - 71 = 16. Let v = o + 17. Calculate the remainder when v is divided by 3.
2
Let c(n) = 294*n - 2633. What is the remainder when c(10) is divided by 14?
13
Suppose 62*g + 242 = 60*g. Let a = g - -138. What is the remainder when a is divided by 7?
3
Suppose -238 = -4*s + 4114. What is the remainder when (2 + -3)/(s/218 - 5) is divided by 56?
53
Suppose 144 = 11*i - 21. Calculate the remainder when 71 is divided by (-828)/(-115) - (-12)/i.
7
Suppose 0 = 17*b - 17964 - 11633. Calculate the remainder when b is divided by 26.
25
Suppose 2023 = -6*j + 25. Let s = j + 355. Calculate the remainder when 52 is divided by s.
8
Let s(g) = g**2 + 25*g + 290. Calculate the remainder when 218 is divided by s(-10).
78
Suppose -24 = 3*h, -4*h - 286 = 3*s - 362. Calculate the remainder when 11553 is divided by s.
33
Let o = -571 - -577. Suppose -3*z + 129 = 5*m, -4*z = o*m - 11*m + 143. Calculate the remainder when 807 is divided by m.
24
Let d = -894 + 907. What is the remainder when 125 is divided by d?
8
Let a(r) = -6*r - 60. Let v(p) = -5*p - 61. Let y(m) = 6*a(m) - 7*v(m). Calculate the remainder when 83 is divided by y(22).
38
Let m(c) = 103*c**3 - 3*c**2 - 6*c + 6. What is the remainder when m(1) is divided by 17?
15
Let i = -1313 - -2116. Calculate the remainder when i is divided by 27.
20
Let u be -18*((-10)/(-45))/(4/(-15)). Let s(p) = p**2 - 21*p + 107. What is the remainder when 116 is divided by s(u)?
14
Suppose -40*x + 1323 = -597. What is the remainder when 282 is divided by x?
42
Suppose -4*y = -5*r - 746, -3*y + 2*r + 426 = -137. Calculate the remainder when 559 is divided by y.
181
Suppose 2*r = -3*h + 6*h - 163, 0 = 2*h - r - 107. Let j = -48 + h. Suppose 0*k + 2*k = 4*n + 62, -3*n + j = 0. Calculate the remainder when k is divided by 17.
16
Let s(z) = z - 10. Suppose -1 = -b + 1. Let o(h) = h + 1. Let a(n) = b*o(n) - s(n). What is the remainder when 43 is divided by a(0)?
7
Let p(z) = 2*z**2 - 6*z - 5. Suppose -1071*x + 6370 = -581*x. Calculate the remainder when p(-4) is divided by x.
12
Let n = 2712 + -2609. Suppose 77 = 4*s - 247. Calculate the remainder when n is divided by s/4 - (-6)/8.
19
Suppose -4*n - 4*l + 28 = 0, 5*n - 5*l + 7 + 8 = 0. Suppose -5*o = 5*w - 2*o - 210, n*w = o + 73. Calculate the remainder when w is divided by 8.
7
Let g = 533 + 115. Let x = g - 627. What is the remainder when 27 is divided by x?
6
Let a(j) = -39*j - 6. Let s be a(1). Let q = 45 + s. Suppose q = 4*o + b - 21, 6*b = 4*b + 2. What is the remainder when 18 is divided by o?
3
Let i(b) be the third derivative of b**5/60 - 17*b**4/24 + 37*b**3/3 - 110*b**2 - 2*b. What is the remainder when 31 is divided by i(9)?
1
Let c be 12/(-3 - -2) + (-5)/5. Let u(p) = p**2 + 10*p + 34. Calculate the remainder when u(c) is divided by 38.
35
Suppose 0 = 184*v - 33184 - 75192. What is the remainder when v is divided by 152?
133
Let h be (5/(10/(-472)))/(-1). Suppose 64 = 4*o - h. What is the remainder when (o/12)/(1/4) is divided by 7?
4
Let s(g) = 3*g**2 + 1 + 0 - 4*g**2 + 1. Let z be s(6). Let n = 46 + z. What is the remainder when n is divided by 7?
5
Let l(q) = 2*q**2 - 7*q + 40. Let g(d) = d**2 + 5*d. What is the remainder when l(12) is divided by g(5)?
44
Suppose -2*h - 25*i = -27*i - 80, 4*h - 200 = -4*i. Suppose h + 131 = 4*o. What is the remainder when 174 is divided by o?
42
What is the remainder when (182/(-78))/(84/(-80280)) is divided by 160?
150
Let u(n) = -n**3 + 3*n**2 + 6*n - 7. Let t be u(2). Suppose -2*i - 10 = 0, 315 = t*d - 4*d + 4*i. What is the remainder when d is divided by 4?
3
Suppose -17 = -3*j + 4*r, 4*j - 2*j - 10 = 2*r. Suppose j = -8*b + 83. Suppose -s - 4*s + t = -21, -3*s + 9 = 3*t. What is the remainder when b is divided by s?
2
Suppose 71242 - 20113 = 13*c + 44*c. What is the remainder when c is divided by 271?
84
Let i be ((-444)/8)/(2/4). Let z = i - -146. Calculate the remainder when 135 is divided by z.
30
Let z(m) be the second derivative of m**5/20 + 7*m**4/12 + 5*m**3/3 + 19*m**2/2 - 4*m + 24. Calculate the remainder when 436 is divided by z(-5).
18
Suppose 0 = 2*w + c - 2, -5*c + 7*c + 4 = 0. Suppose 6*d - 29 = -2*h + 5*d, -w*h = -3*d - 33. Calculate the remainder when 103 is divided by h.
13
Suppose 4*p - 13 = 3*k, -k + 0 + 17 = 4*p. What is the remainder when (-71 + k)/((-7)/28*2) is divided by 37?
29
Let l = -204 + 222. Suppose -4*q + 24 = 2*b, -5*b = 3*q + 2 - 48. Calculate the remainder when (143*1)/(-7 + b) is divided by l.
17
Suppose 5*f = p + 13, 164*p + f + 19 = 166*p. Suppose 5*t = h + 4, -3*h = -h + 4*t - 20. Suppose h*q - 88 = 4*q. Calculate the remainder when q is divided by p.
8
Let y = -651 + 655. Suppose -y*x - 3*m + 728 = -5*m, 4*m - 897 = -5*x. What is the remainder when x is divided by 49?
34
Suppose 99*i = 96*i + 414. Let z = -75 + i